{"id":158,"date":"2026-03-08T00:17:16","date_gmt":"2026-03-07T23:17:16","guid":{"rendered":"https:\/\/danielavalentinasuarezmero.com\/?page_id=158"},"modified":"2026-03-08T05:38:16","modified_gmt":"2026-03-08T04:38:16","slug":"servicio-o-cobertura","status":"publish","type":"page","link":"https:\/\/danielavalentinasuarezmero.com\/?page_id=158","title":{"rendered":"Proyectos Digitales Administrados"},"content":{"rendered":"\r\n<div>daProyectos Digitales Administrados<\/div>\r\n<div>Desde esta plataforma se administra y coordina el desarrollo de proyectos digitales enfocados en la comunicaci\u00f3n, el entretenimiento y la conexi\u00f3n con la audiencia a trav\u00e9s de plataformas tecnol\u00f3gicas y redes sociales.<\/div>\r\n<div>Actualmente, el principal proyecto digital gestionado es:<\/div>\r\n<div>Triple V\u00eda Radio<\/div>\r\n<div>Triple V\u00eda Radio es un proyecto de comunicaci\u00f3n digital orientado a la creaci\u00f3n de contenido informativo y de entretenimiento, que busca conectar con la comunidad a trav\u00e9s de entrevistas, transmisiones en vivo y contenido audiovisual.<\/div>\r\n<div>Este proyecto nace con el objetivo de generar espacios de conversaci\u00f3n, an\u00e1lisis y participaci\u00f3n ciudadana, permitiendo que diferentes voces de la comunidad puedan expresarse y compartir sus opiniones sobre temas de inter\u00e9s social.<\/div>\r\n<div>Triple V\u00eda Radio desarrolla contenido principalmente en plataformas digitales, lo que permite mantener una conexi\u00f3n directa con la audiencia y difundir informaci\u00f3n en tiempo real.<\/div>\r\n<div>Las transmisiones y contenidos se difunden a trav\u00e9s de diferentes plataformas digitales, entre ellas:<\/div>\r\n<div>\u2022Facebook<\/div>\r\n<div>\u2022Instagram<\/div>\r\n<div>\u2022YouTube<\/div>\r\n<div>\u2022TikTok<\/div>\r\n<div>\u2022WhatsApp<\/div>\r\n<div>\u00a0<\/div>\r\n<div>El proyecto contin\u00faa en constante desarrollo, con el prop\u00f3sito de fortalecer la comunicaci\u00f3n digital y ampliar los espacios de participaci\u00f3n para la comunidad.<\/div>\r\n<div>Bot\u00f3n o enlace:<\/div>\r\n<div>\ud83d\udc49 Visitar Triple V\u00eda Radio<\/div>\r\n<div><a href=\"https:\/\/www.facebook.com\/profile.php?id=61565761593149\">https:\/\/www.facebook.com\/profile.php?id=61565761593149<\/a><\/div>\r\n","protected":false},"excerpt":{"rendered":"<p>daProyectos Digitales Administrados Desde esta plataforma se administra y coordina el desarrollo de proyectos digitales enfocados en la comunicaci\u00f3n, el entretenimiento y la conexi\u00f3n con la audiencia a trav\u00e9s de plataformas tecnol\u00f3gicas y redes sociales. Actualmente, el principal proyecto digital gestionado es: Triple V\u00eda Radio Triple V\u00eda Radio es un proyecto de comunicaci\u00f3n digital orientado &hellip; <\/p>\n<p class=\"link-more\"><a href=\"https:\/\/danielavalentinasuarezmero.com\/?page_id=158\" class=\"more-link\">Continue reading<span class=\"screen-reader-text\"> \u00abProyectos Digitales Administrados\u00bb<\/span><\/a><\/p>\n","protected":false},"author":1,"featured_media":0,"parent":0,"menu_order":0,"comment_status":"closed","ping_status":"closed","template":"","meta":{"footnotes":""},"class_list":["post-158","page","type-page","status-publish","hentry"],"_links":{"self":[{"href":"https:\/\/danielavalentinasuarezmero.com\/index.php?rest_route=\/wp\/v2\/pages\/158","targetHints":{"allow":["GET"]}}],"collection":[{"href":"https:\/\/danielavalentinasuarezmero.com\/index.php?rest_route=\/wp\/v2\/pages"}],"about":[{"href":"https:\/\/danielavalentinasuarezmero.com\/index.php?rest_route=\/wp\/v2\/types\/page"}],"author":[{"embeddable":true,"href":"https:\/\/danielavalentinasuarezmero.com\/index.php?rest_route=\/wp\/v2\/users\/1"}],"replies":[{"embeddable":true,"href":"https:\/\/danielavalentinasuarezmero.com\/index.php?rest_route=%2Fwp%2Fv2%2Fcomments&post=158"}],"version-history":[{"count":6,"href":"https:\/\/danielavalentinasuarezmero.com\/index.php?rest_route=\/wp\/v2\/pages\/158\/revisions"}],"predecessor-version":[{"id":287,"href":"https:\/\/danielavalentinasuarezmero.com\/index.php?rest_route=\/wp\/v2\/pages\/158\/revisions\/287"}],"wp:attachment":[{"href":"https:\/\/danielavalentinasuarezmero.com\/index.php?rest_route=%2Fwp%2Fv2%2Fmedia&parent=158"}],"curies":[{"name":"wp","href":"https:\/\/api.w.org\/{rel}","templated":true}]}}