{"id":161,"date":"2026-03-08T00:18:15","date_gmt":"2026-03-07T23:18:15","guid":{"rendered":"https:\/\/danielavalentinasuarezmero.com\/?page_id=161"},"modified":"2026-03-08T02:29:28","modified_gmt":"2026-03-08T01:29:28","slug":"politica-de-privacidad","status":"publish","type":"page","link":"https:\/\/danielavalentinasuarezmero.com\/?page_id=161","title":{"rendered":"Pol\u00edtica de privacidad"},"content":{"rendered":"\n<p>En este sitio web respetamos la privacidad de nuestros usuarios y nos comprometemos a proteger la informaci\u00f3n personal que se pueda recopilar a trav\u00e9s de los distintos formularios o canales de contacto.<\/p>\n\n\n\n<p>La informaci\u00f3n que los usuarios puedan proporcionar, como nombre, correo electr\u00f3nico o n\u00famero de contacto, ser\u00e1 utilizada \u00fanicamente con fines de comunicaci\u00f3n, atenci\u00f3n de consultas o gesti\u00f3n de servicios relacionados con nuestros proyectos digitales.<\/p>\n\n\n\n<p>Este sitio web no vende, alquila ni comparte informaci\u00f3n personal con terceros sin el consentimiento del usuario, salvo cuando sea requerido por la legislaci\u00f3n vigente.<\/p>\n\n\n\n<p>Asimismo, pueden utilizarse herramientas tecnol\u00f3gicas como cookies o estad\u00edsticas de navegaci\u00f3n con el objetivo de mejorar la experiencia del usuario y optimizar el funcionamiento del sitio web.<\/p>\n\n\n\n<p>Al utilizar este sitio, el usuario acepta las pr\u00e1cticas descritas en esta pol\u00edtica de privacidad.<\/p>\n","protected":false},"excerpt":{"rendered":"<p>En este sitio web respetamos la privacidad de nuestros usuarios y nos comprometemos a proteger la informaci\u00f3n personal que se pueda recopilar a trav\u00e9s de los distintos formularios o canales de contacto. La informaci\u00f3n que los usuarios puedan proporcionar, como nombre, correo electr\u00f3nico o n\u00famero de contacto, ser\u00e1 utilizada \u00fanicamente con fines de comunicaci\u00f3n, atenci\u00f3n &hellip; <\/p>\n<p class=\"link-more\"><a href=\"https:\/\/danielavalentinasuarezmero.com\/?page_id=161\" class=\"more-link\">Continue reading<span class=\"screen-reader-text\"> \u00abPol\u00edtica de privacidad\u00bb<\/span><\/a><\/p>\n","protected":false},"author":1,"featured_media":0,"parent":0,"menu_order":0,"comment_status":"closed","ping_status":"closed","template":"","meta":{"footnotes":""},"class_list":["post-161","page","type-page","status-publish","hentry"],"_links":{"self":[{"href":"https:\/\/danielavalentinasuarezmero.com\/index.php?rest_route=\/wp\/v2\/pages\/161","targetHints":{"allow":["GET"]}}],"collection":[{"href":"https:\/\/danielavalentinasuarezmero.com\/index.php?rest_route=\/wp\/v2\/pages"}],"about":[{"href":"https:\/\/danielavalentinasuarezmero.com\/index.php?rest_route=\/wp\/v2\/types\/page"}],"author":[{"embeddable":true,"href":"https:\/\/danielavalentinasuarezmero.com\/index.php?rest_route=\/wp\/v2\/users\/1"}],"replies":[{"embeddable":true,"href":"https:\/\/danielavalentinasuarezmero.com\/index.php?rest_route=%2Fwp%2Fv2%2Fcomments&post=161"}],"version-history":[{"count":2,"href":"https:\/\/danielavalentinasuarezmero.com\/index.php?rest_route=\/wp\/v2\/pages\/161\/revisions"}],"predecessor-version":[{"id":220,"href":"https:\/\/danielavalentinasuarezmero.com\/index.php?rest_route=\/wp\/v2\/pages\/161\/revisions\/220"}],"wp:attachment":[{"href":"https:\/\/danielavalentinasuarezmero.com\/index.php?rest_route=%2Fwp%2Fv2%2Fmedia&parent=161"}],"curies":[{"name":"wp","href":"https:\/\/api.w.org\/{rel}","templated":true}]}}